are the prime factors of p?
2, 7
Let z = -7282 + 14210. List the prime factors of z.
2, 433
Let w = -2085 + 7129. What are the prime factors of w?
2, 13, 97
Let y(v) = -v**3 + 61*v**2 - 19*v + 100. List the prime factors of y(58).
2, 3, 5, 101
Let r(n) = n**3 + 15*n**2 - 14*n - 7. Let o be r(14). Let h = o - 3717. Suppose 0 = 15*p - 516 - h. List the prime factors of p.
2, 19
Let m(w) = -2*w**2 + 19*w - 21. Let c be m(8). Suppose -c*h = 0, 4*s - 1984 = -0*s - 2*h. List the prime factors of s.
2, 31
Suppose 189 = 5*i - 171. Suppose -i = 2*k + 50. Let d = 92 + k. List the prime factors of d.
31
Suppose 0 = -w + 37 - 24. Suppose 0 = -8*d + w*d - 60. Let y = 3 + d. List the prime factors of y.
3, 5
Let a = -14213 + 16296. List the prime factors of a.
2083
Suppose -3*n + 18700 = -4*v, n - 2679 = v + 3556. Suppose -t - n = -14*t. List the prime factors of t.
2, 3, 5
Let v = -40 + 34. Let t be 2*(v/4)/(-1). Suppose -x + r + 244 = 3*x, t*x = -2*r + 183. What are the prime factors of x?
61
Suppose -2778 = -2*g - 5*u, -3*u - 1082 = -2*g + 1696. List the prime factors of g.
3, 463
Suppose -g - 6 = 0, -2*o + 3*g = -15006 - 71400. List the prime factors of o.
2, 3, 23, 313
Suppose 5*o = 3*d - 31488, -3*d + 9*o - 5*o = -31494. List the prime factors of d.
2, 3, 17, 103
Suppose -d = -3*m + 12672 + 5198, -7*m + 3*d + 41698 = 0. What are the prime factors of m?
2, 1489
Suppose 2*b - 21040 = -4*d, -5*d + 8732 = -4*b + 50851. What are the prime factors of b?
2, 19, 277
Let q(z) = z**3 + 24*z**2 + 48*z + 38. Suppose 493*v - 482*v = -220. What are the prime factors of q(v)?
2, 3, 113
Let p(d) = d**3 - 26*d**2 + 55*d - 125. Suppose -46*a + 40*a + 144 = 0. What are the prime factors of p(a)?
43
Let w = -1765 - -3114. List the prime factors of w.
19, 71
List the prime factors of ((-1160)/(-100) + -23)/(2/(-470)).
3, 19, 47
What are the prime factors of (-384180)/(-300)*20/(-12)*-9?
3, 19, 337
Suppose 5*v + 50 + 5 = 0. Let f(i) = -i**2 - 22*i - 11. Let t be f(v). List the prime factors of t/6 - (-8)/(-24).
2, 3
Let k = 43 - 37. Suppose z - 20 = k. Let d = 47 - z. List the prime factors of d.
3, 7
Suppose -3*v + 691*n - 688*n = -255429, v + 4*n - 85183 = 0. What are the prime factors of v?
11, 7741
Let w = -14268 - -21526. What are the prime factors of w?
2, 19, 191
Let j = -755 - 769. Let o = j - -2254. What are the prime factors of o?
2, 5, 73
Let b = -581 + 19743. List the prime factors of b.
2, 11, 13, 67
Suppose 0 = 2*k + 10*r - 8*r + 4106, k = 5*r - 2077. Let y = 2910 + k. What are the prime factors of y?
853
Let f be ((-1)/(-2))/(-6*(-2)/72). Suppose 0*c - c - 2 = 3*s, f*c = 5*s + 22. List the prime factors of ((-102)/c)/((-2)/20).
3, 5, 17
Suppose 70264 = -24*g + 188778 + 112870. List the prime factors of g.
31, 311
Let n(c) = 43*c + 344. What are the prime factors of n(-4)?
2, 43
Let l(o) = 233*o**2 + 189*o - 1625. What are the prime factors of l(9)?
7, 2707
Let m(r) = -6*r**2 + 9*r. Let q be m(4). What are the prime factors of -76*(-9)/72*q/(-2)?
3, 5, 19
Let z(v) = 37*v**3 + 68*v**2 - 411*v + 1. List the prime factors of z(6).
5, 11, 29
Let i = -822 - -870. List the prime factors of 280/i + -5 - (-7873)/6.
13, 101
Let r(l) = -2*l**3 - 35*l**2 - 36*l - 438. What are the prime factors of r(-24)?
2, 3, 1319
Suppose 38621 = 2*p - 3*y + 4*y, 5*y - 77257 = -4*p. List the prime factors of p.
2, 3, 1609
Let m be (-3)/(-9)*(0 - -21). Let t(h) = 10*h**2 + 15*h - 39. What are the prime factors of t(m)?
2, 139
Suppose -5*u - 10 = -0. Let f be 3/u + (-3781)/(-38). Suppose 23*p - 24*p = -f. List the prime factors of p.
2, 7
Let o(a) = a**3 - 2*a**2 - 7. Let s be o(3). Suppose g = -s*g + 18. Suppose 244 = 4*n + g*q - q, -5*n + 2*q = -272. What are the prime factors of n?
2, 7
Let a(n) be the second derivative of -4*n**3/3 + 82*n**2 + 12*n. List the prime factors of a(0).
2, 41
Let f(i) = 28*i**2 + 13*i - 41. Suppose 14*a - 16 = -4*x + 12*a, -3*x = -2*a - 5. What are the prime factors of f(x)?
2, 5
Let n = 202 + -129. Let j = -121 + n. What are the prime factors of j/(-32)*(-152)/(-2)?
2, 3, 19
Let t = 111 - 349. Let q = 361 + t. What are the prime factors of q?
3, 41
Suppose -4*d - 8 = 4*g, -d + 6 = 2*g + 13. Suppose d*t = 3*o - 63, 0 = -5*o - 5*t + 6*t + 105. What are the prime factors of o?
3, 7
Let w be 19/1 + 5/(-5)*0. Suppose -d = -w + 7. Suppose d = -4*y, 0 = j + 4*y - 9*y - 80. What are the prime factors of j?
5, 13
Let y(p) be the first derivative of -2*p**2 + 72*p - 10. What are the prime factors of y(13)?
2, 5
Let y = 7667 + -4712. What are the prime factors of y/18 + 1/(-6)?
2, 41
Let k = 3633 - 1506. List the prime factors of k.
3, 709
Suppose -23*f + 20*f - 5*c + 19381 = 0, 4*f + c - 25864 = 0. List the prime factors of f.
29, 223
Let g = 34 + -32. Suppose -g*b = -385 - 69. List the prime factors of b.
227
Let c = -118 - -121. List the prime factors of 82/2 + (c - 9).
5, 7
Let v = 164 + -159. Suppose 4*y + 2*f = 705 - 109, 0 = 3*y + v*f - 433. List the prime factors of y.
151
Suppose 801322 = 90*c - 200108. What are the prime factors of c?
3, 3709
Suppose -10*w + w - 153 = 0. Let z = w + 17. Suppose -7*d - 11 + 662 = z. What are the prime factors of d?
3, 31
Suppose 2*b - 5*c - 62868 = -7*c, 31450 = b - 3*c. What are the prime factors of b?
2, 11, 1429
Suppose 5*k + 2 = s - 6, -4*k = -4*s - 16. Let w(l) = -l**3 - 9*l**2 - 10*l + 2. Let t be w(s). What are the prime factors of (-212)/t + 14/(-91)?
2
Let t = 69529 - 24645. List the prime factors of t.
2, 7, 229
Suppose 0 = 2*h + 3*x - 8 - 24, -5*h + 2*x + 99 = 0. Suppose -j = 5*v - h, j = -4*j - 4*v - 10. Let o = 83 + j. What are the prime factors of o?
7, 11
Let g = -59366 - -97653. What are the prime factors of g?
38287
Let p(j) = 2*j + 27. Let i be p(-20). Let m(q) be the second derivative of q**5/20 + 13*q**4/12 - 5*q**3/3 + 19*q**2/2 - q. What are the prime factors of m(i)?
149
Let u be (-2 - (-6)/6)/((-2)/4). Suppose -2*i + 42 = -210. List the prime factors of i - ((-4)/(2 + u) + 2).
5
Let w(r) = -3*r + 128. Let n be w(21). Suppose -692 - 283 = -n*d. What are the prime factors of d?
3, 5
Suppose -4*s + 2383 = -5*u - 990, 0 = -3*s + 3*u + 2529. List the prime factors of s.
2, 421
Let c be (-1)/(-2)*(31 + -27). Suppose -3*a = -c*a - 372. What are the prime factors of a?
2, 3, 31
Let d = -11106 - -18043. List the prime factors of d.
7, 991
Let n = 13026 + -5015. List the prime factors of n.
8011
Let r be (4/(-2))/(10/15). Suppose i + 32 = -5*h, 0*h - h = i + 8. List the prime factors of ((-82)/r)/((-4)/h).
41
Suppose 4*o - 4*g = -0*o - 16, 2*o + 18 = 4*g. What are the prime factors of 382/(1 - (2/6)/o)?
3, 191
Let j(g) be the second derivative of g**4/4 - 67*g**3/6 - 3*g**2/2 + 173*g. What are the prime factors of j(30)?
3, 229
Suppose -6*z = -20*z + 56. Suppose z*x - 41 = 1427. List the prime factors of x.
367
Let c(o) = -o**3 + 12*o**2 - 8*o - 2. Let i(p) = p**3 + 8*p**2 + 4*p - 1. Let v be i(-4). Suppose 0 = 3*l - v + 20. List the prime factors of c(l).
13
Let v(j) = -19*j**3 + 11*j**2 + 27*j + 160. List the prime factors of v(-6).
2, 13, 173
Suppose 5*c + 2*d - 42230 = 0, -5*c + d = -50675 + 8460. List the prime factors of c.
2, 2111
Let d be ((-1)/(-3))/((-2)/(-18)). Suppose d*k + 87 = 2*k. What are the prime factors of (2/(-3))/(2/k)?
29
Suppose -5*a - 8 - 129 = -3*y, 0 = 4*a + 3*y + 88. Let z be (-172)/3*(a/10 - -1). Let u = z - 2. List the prime factors of u.
2, 3, 7
Suppose 0 = -2*i - 2*r + 30, 2*i - r - 11 - 16 = 0. Suppose 13*c = i*c. Suppose -4*y + l + 497 = c, -5*l - 241 = -2*y - 2*l. What are the prime factors of y?
5
Let l be 1 + ((-4)/12 - (-5866)/3). List the prime factors of l/11 - (-10)/275*5.
2, 89
Let b(f) = -43*f + 45. Let k be b(1). Suppose 0 = -2*t - 3*h - 7, 4*t - 7 = t - h. Suppose k*q = -t*q + 882. What are the prime factors of q?
3, 7
Suppose 12*a - 7054 = -1894. Let b = a - 290. List the prime factors of b.
2, 5, 7
Suppose 115*m - 137880 = 43*m. List the prime factors of m.
5, 383
Suppose -353*f = -117*f - 364620. List the prime factors of f.
3, 5, 103
Let r(k) = 2*k**3 + 31*k**2 + 15*k + 4. Let i be r(-15). Suppose -i = -6*b + 4*b. List the prime factors of 7*(0 - -1) - (-3 + b).
2
Suppose -3*l = -2*q + 49, -q - 2*q + 83 = 5*l. Suppose -k - 52 = -4*i, 0*i - 4*k - q = -3*i. L